/(-9) - 3). Let i be -14*4/8 + b. What is the units digit of ((-52)/10)/(i + (-2328)/(-390))?
9
Let n(w) = 2*w + 164. Let s be 20/(-6)*(189/14)/9. What is the units digit of n(s)?
4
Let y(a) = 265*a - 2805. What is the thousands digit of y(39)?
7
Let z = -52 - -44. Let f(b) = 2*b**2 + 12*b + 23. Let q be f(z). Let k = 77 - q. What is the tens digit of k?
2
Suppose -50*j - 119*j + 1863708 = -315716. What is the tens digit of j?
9
Suppose -3616 = -l - 2*l - 8*a, 16 = -4*a. What is the tens digit of l?
1
Let t = -4596 - -9168. Suppose 2936 = 2*s + 4*h, -h - t - 1291 = -4*s. Suppose 0 = -7*o + 487 + s. What is the tens digit of o?
7
Suppose 6*l = 8 + 10. Suppose 3 = l*d, 0 = -4*c + 5*d + 261 - 66. What is the hundreds digit of (78 - -3)*c/15 - 1?
2
Let b(d) = d**2 - 6*d - 25. Let p be 1/((-3)/9) - (-15 + 0). Let v be b(p). Suppose 41*l + 168 = v*l. What is the units digit of l?
8
Suppose -14*f + 3*f = -10*f - 56346. What is the tens digit of f?
4
Suppose -5*a + 287 = -43. Let f = 66 - a. What is the hundreds digit of 2 + f - (-460)/4?
1
Let t(v) = v**3 - 3*v**2 + 23*v - 74. Let h be t(3). Let s(m) = 19*m**2 - 5*m + 13. What is the units digit of s(h)?
3
Suppose 0 = -321*p + 20971852 - 597019. What is the thousands digit of p?
3
Let q(j) = j - 3. Let h be q(3). Suppose -i + 7 = 4. Suppose h = -i*d + 5*d - 232. What is the units digit of d?
6
Suppose 0 = -2*l + 3*l - 4, 617 = -o + 4*l. Let t = o + 1269. What is the units digit of t?
8
Suppose 0 = 2*s - t + 1495, 2*s + 4*t + 691 = -789. Let a = s + 1218. What is the tens digit of a?
7
Let y(z) = -z**3 - z**2 - z - 1. Let r(x) = 40*x**3 + x**2 + 10*x + 7. Let m(c) = r(c) + 2*y(c). What is the hundreds digit of m(3)?
0
Suppose 313991 + 1283870 = 88*r + 244861. What is the tens digit of r?
7
Suppose 5*y = -h + 5*h - 22, 22 = 2*h + 3*y. What is the tens digit of ((-420)/h)/((-33)/220)?
5
Suppose -5*b = -2*b - 12. Let f be 4/(-2 - (-12)/b). What is the units digit of (-3)/f - (-993)/12?
2
Suppose 149*b + 5 = 144*b, -3*f + 83246 = -2*b. What is the units digit of f?
8
Let r(y) be the first derivative of -y**2/2 + 16*y + 952. Let m be 2 - ((-12)/(-1) + -1). What is the units digit of r(m)?
5
Suppose -33*k + 5*q = -30*k + 6, -3*k - 6 = -4*q. What is the units digit of ((-46326)/28)/(3/k)?
3
Let q be (22/8 - 3)*-20. Suppose g - q*g = -76. Let w = 39 - g. What is the units digit of w?
0
Let s(i) = -7*i**3 - 6*i**2 - 12*i - 347. What is the tens digit of s(-11)?
7
Suppose 51174 = 12*s - 83188 - 43766. What is the hundreds digit of s?
8
Suppose 2*v + 5*i + 68 = 0, -2*v + 0*i + 2*i - 54 = 0. Let r(d) = -d**3 - 29*d**2 + 4*d - 44. Let s be r(v). What is the units digit of (3 - 0)*(s/(-12))/5?
8
Suppose 4*k - 9 = 3*a, 5*k - 6*a + 5*a = 3. Suppose k = 26*r - 17*r - 4698. What is the hundreds digit of r?
5
Let k(y) be the third derivative of -y**6/120 + y**5/30 + y**4/12 + y**3/3 + 2*y**2. Let h be k(0). Suppose -545 = -7*v + h*v. What is the units digit of v?
9
Suppose -83*b = -55*b - 13468. Let k = 17 + b. What is the units digit of k?
8
Suppose 0 = 3*g - 2*w - 3, 1 = 97*g - 96*g - w. Suppose -4*b + 20*c - 17*c + 7757 = 0, 0 = c - g. What is the tens digit of b?
4
What is the ten thousands digit of (273250/(-20))/((-7)/7 + (-3)/(-4))?
5
Suppose 0 = 2*s + 2*v + 2*v - 28, -3*s - 3*v + 39 = 0. Let p(l) = l**2 + 20*l - 24. What is the units digit of p(s)?
0
Let l(y) = 11941*y**3 - 5*y**2 + y - 2. What is the units digit of l(1)?
5
Let d(z) = -5*z + 111. Let g(i) = i**3 - 17*i**2 + 43*i - 24. Let c be g(14). What is the units digit of d(c)?
1
Let v(z) = -3*z**2 + 17*z - 4. Let i be v(5). Let q = i - 2. Suppose -4*d + 12 = 0, q*d - 190 = -3*c + 206. What is the hundreds digit of c?
1
Let v = -2714 - -269. Let f = v + 3574. What is the units digit of f?
9
Let d(p) = 17*p**2 + 189*p - 68. What is the tens digit of d(44)?
6
What is the tens digit of (300/16)/((-141)/(-44744))?
5
Suppose -2*q - 3*q + 5*m + 29765 = 0, 3*m - 5933 = -q. What is the units digit of q?
8
Let s be (-5 - -6)/(-1)*5. Suppose 4*t - 251 + 55 = 0. What is the units digit of (s + t/28)/(2/(-56))?
1
What is the tens digit of 8/(-6) - (6/15 - 583160/150)?
8
Let k = -25267 + 38207. What is the units digit of k?
0
Let c(s) = 19143*s - 414. What is the hundreds digit of c(2)?
8
Let q(v) = -31*v**2 + 3*v**3 - 25*v - 4*v**3 - 9 + 2*v**3 + 52*v**2. Let h = 32 - 54. What is the units digit of q(h)?
7
Let r = -322 + 891. Suppose 0*j - 374 = -2*j + 2*y, -5*y = -3*j + r. What is the tens digit of j?
8
Suppose -5*q - 541 = -8*q + 1073. What is the hundreds digit of q?
5
Let l(f) = 590*f - 70. Let r be l(9). Suppose -20*n = r - 14240. What is the hundreds digit of n?
4
Suppose 18*g = 34*g + 15*g - 1018629. What is the hundreds digit of g?
8
Let j(f) = 86470*f**2 - 25*f - 3. What is the units digit of j(-1)?
2
Let b = 163 - 154. Suppose 4260 - 381 = b*y. What is the hundreds digit of y?
4
Suppose -r + 3*a = -158, -7*r + 6*r - 3*a + 176 = 0. Let m = -103 + r. What is the tens digit of m?
6
Let w(d) = -20*d**2 - 14*d - 53. Let k be w(-4). Let g = 458 + k. What is the tens digit of g?
4
Suppose 5*q - 5595 = -5*n, -4*q + 4*n + 4458 = 2*n. Suppose 4*v - 16*v = -q. What is the units digit of v?
3
Let a(m) = -m**3 - 21*m**2 + 4*m + 66. Let l be a(-21). What is the tens digit of l/15*((-2904)/18 - 2)?
9
Let f(l) = l**3 - 61*l**2 + 164*l - 292. What is the hundreds digit of f(66)?
3
Suppose 0 = -5*n - 4*w + 53 + 7, 3*w = n + 7. Suppose -13*h = -n*h - 1730. What is the units digit of h?
6
Let l(k) = k**3 + 13*k**2 + 13*k + 23. Let z be l(-12). Suppose -z*n - 3*n = -19138. What is the units digit of n?
7
Suppose 0 = 98*w - 251774 - 1076028. What is the ten thousands digit of w?
1
Suppose -8*n + 1206 = 10*n. Suppose 2*g - 41 = 89. Let o = n + g. What is the tens digit of o?
3
Suppose 0 = -8*t - 29 - 1203. Let a = 303 + t. What is the hundreds digit of a?
1
Suppose 47 - 42 = 5*y, 0 = -4*f + 2*y + 1562. What is the hundreds digit of f?
3
Let c be (-2368)/6 - (-2)/(-6). Let v = c - -886. What is the units digit of v?
1
Let h(p) = -p**3 + 10*p**2 + 4*p - 16. Let q be h(6). Let g = 216 + q. What is the units digit of g?
8
Let v(j) = -26*j + 15. Let p be 3 - (4 - (-12)/(-3)). Let h be p + 35/(-5)*1. What is the tens digit of v(h)?
1
Suppose 21 = 5*k + 4*m - 10, -4*k + 28 = 4*m. Suppose 4*x - 328 = -2*j + 206, 2*x + 777 = k*j. What is the units digit of j?
1
Let u(p) = -28*p**2 - 9*p + 32. Let f be u(6). Let b = f - -2279. What is the thousands digit of b?
1
Let q(m) = 10756*m + 3361. What is the ten thousands digit of q(2)?
2
Let z(o) = 6164*o - 1380. What is the tens digit of z(1)?
8
Suppose -3*o + 3*z + 184 = -z, -4*o = -3*z - 236. Let v = -49 + o. What is the tens digit of -8 + v - (0 - 182)?
8
Let k(m) = 4*m**2 + 3*m + 3. Let w be k(-1). Suppose -5*b + 81 = -w*b. Suppose -c + 99 = 5*d, c - 5*d + d - b = 0. What is the units digit of c?
9
Suppose 4*q = 2*t - 24768, -17*q + 10*q = 3*t - 37217. What is the units digit of t?
4
Suppose -2 = -a, 10*a + 31968 = 3*b + 7*a. What is the ten thousands digit of b?
1
Let f(o) = -1073*o + 1393. What is the tens digit of f(-36)?
2
Let b = 24090 + 270. What is the tens digit of b?
6
Suppose 4*b + 5 = 5*f, 2*f = -3*b + 3*f - 1. What is the units digit of (6 - 1) + 764 + b?
9
Let m(b) = 62*b**2 + 2*b - 6. Let t = 304 + -307. What is the hundreds digit of m(t)?
5
What is the units digit of (-59)/(7/(-14)*(-14)/(-91))?
7
Suppose -5*i + 49 = 2*i. What is the units digit of 2/(-4)*2*i/(-1)?
7
Let o = -1085 + 6987. Let c = o - 4132. What is the thousands digit of c?
1
Let l(w) = 11*w**2 + 18*w**2 - 18 + 43 - 6*w**2 + 4*w. What is the tens digit of l(-4)?
7
Let m(c) = 5*c**2 - 4*c**2 + 6*c**2 + 2*c + 249*c**3 - 11 - 250*c**3. Let y be m(7). Suppose -216 - 54 = -y*o. What is the tens digit of o?
9
Let d be -4 - (7 + -3 - 12). Suppose -d*w + 645 = -699. What is the units digit of w?
6
Let o(g) = 56*g**2 + 64*g - 1059. What is the thousands digit of o(13)?
9
Let u(t) = -t**2 - 10*t + 48. Let z be u(-13). Suppose 0*f = 5*f - 50. Suppose f*r - 27 = z*r. What is the units digit of r?
7
What is the units digit of 6723/(-45)*-2*(-150)/(-12)?
5
Let u = 286 + -312. What is the hundreds digit of (u/(-52))/((-1)/(-914))?
4
What is the hundreds digit of (-39 - 0)*